 7253 - d = 0. Is n a composite number?
False
Let l = -10016 - -18114. Is l a prime number?
False
Let i(f) = 2*f**3 - 11*f**2 + 19*f - 1. Let w be i(2). Let v(j) = 10*j**2 + 10*j - 36. Let t(h) = h**2 - h + 1. Let x(o) = -t(o) + v(o). Is x(w) a prime number?
False
Let o(a) = -20*a**2 + 18*a - 21. Let p(m) = 10*m**2 - 8*m + 11. Let d(u) = -4*o(u) - 7*p(u). Let h be 0 - (5 + -4)*-9. Is d(h) a composite number?
False
Is (136/(-204))/(2/(-315507)) composite?
True
Suppose 3*f - 3140 = 3238. Suppose -2*g + f = m + 3*m, -2*m = -2. Is g prime?
True
Let h = 32 + -32. Suppose -4*m - m + 4*r + 266 = 0, -4*m + r + 204 = h. Suppose 2*p = 1332 + m. Is p prime?
True
Let t(w) = -3*w**3 - 389*w + 19. Is t(-41) a prime number?
True
Let b(u) = -2*u**3 + 6*u**2 + 7*u - 10. Let x(d) = -4*d**3 + 11*d**2 + 13*d - 19. Let s(n) = 11*b(n) - 6*x(n). Let z be s(2). Let q = 95 + z. Is q composite?
False
Let f = -26 + 31. Suppose 8*n + f*n = 186017. Suppose 5*m - 6*u - 14299 = -3*u, n = 5*m + 2*u. Is m a prime number?
True
Suppose -10*j + 8*j = 3*p - 176561, 4*p - 5*j = 235407. Is p prime?
False
Let w(a) = 1084*a**2 + 311*a - 5350. Is w(17) prime?
False
Let m(a) = 64143*a - 356. Is m(1) a composite number?
True
Let i = 233 - -16270. Is i a prime number?
False
Is (-142 - -145)*(-6247)/(-3) prime?
True
Suppose 8353155 = 45*j - 66183360. Is j composite?
False
Suppose -4*i - f + 20679 = 0, -2*i = 2*i + 4*f - 20676. Suppose 5*b + 5*l - i = -0*b, -3*b + 4*l + 3137 = 0. Is b prime?
True
Let z(l) = 1 - 332*l**2 + 171*l**2 + 169*l**2 + 4*l. Is z(5) a composite number?
True
Let l(c) = -c**2 - 2*c + 39. Let a be l(-7). Let y(x) be the first derivative of x**3/3 - 3*x**2/2 + 7*x + 2. Is y(a) a composite number?
False
Let t = -4983 - -3094. Suppose -19*z + 21*z - 1181 = 5*j, 5*z - 2936 = -4*j. Let f = z - t. Is f prime?
True
Let a(z) = -z**3 + 21*z**2 - 8*z - 17. Let y(v) = -v**3 - 4*v**2 - 5*v - 5. Let s be y(-4). Let k = 4 + s. Is a(k) a composite number?
True
Let n be 2 + -2 + 0 - (-28)/14. Suppose -n*b - 4*c + 319 = -2047, -2*c = -6. Is b prime?
False
Is (12 - 12) + ((-104)/16)/(-13)*1076858 prime?
False
Suppose -247 = -4*l + 4*h + 125, l + 3*h = 89. Let r = l + -84. Is 2 - r/(-4) - -1083 prime?
True
Let r = -435 - -425. Is 2/r - (279366/(-30) + 1) a composite number?
False
Suppose 11*b = 3*b + 32. Is (((-35514)/b)/9)/((-5)/10) composite?
False
Is (-17257835)/(-22) - 64/1408 composite?
False
Suppose -9*r + 449 = -613. Suppose -3*u = -r - 41. Is u a prime number?
True
Suppose 0 = -3*d - 206492 + 1367633. Is d prime?
True
Is (-4)/(-64) + 2588190/32 a prime number?
False
Is (6 + -619)*10/15*2286/(-12) a prime number?
False
Let q(x) = x**3 - 3*x**2 - 10*x + 6. Let z be q(5). Suppose 0 = -8*a + 10*a + z. Is (1366/6)/(3*a/(-81)) composite?
True
Suppose -2*r + 7*i - 4*i = -4255, 5*r - 10695 = -4*i. Suppose -45*x = -50*x + r. Let k = x + 52. Is k a prime number?
True
Let a = -23 - -120. Suppose -4*z = 2*v + 97 + a, -3*v = 4*z + 293. Let l = 20 - v. Is l composite?
True
Let d be (1 - 2)/(17/33881). Let n = d - -3142. Is n prime?
False
Let p(s) = 733*s + 3. Let z be p(1). Let l = z + 1041. Is l composite?
False
Let o(u) = 2*u**3 - 24*u**2 + 21*u - 16. Let h be o(18). Let s = h + -2039. Let f = s + -1150. Is f a composite number?
False
Let b = 3569 - 989. Suppose -z + v = -0*v - 519, -5*z = -2*v - b. Is z a prime number?
False
Suppose 237*m - 74507653 = -2036405 + 14001757. Is m prime?
False
Suppose 3*y - 133702 = 289709. Is y a composite number?
True
Let h(z) = 5*z**3 - 20*z**2 + 15*z - 47. Is h(13) prime?
True
Let b(y) = 305*y + 243. Let x be (79 - 38) + 1*-1. Is b(x) a prime number?
False
Let l = 959 - -132. Is l a prime number?
True
Let j(p) = -1579*p**3 + 7*p**2 + 9*p - 6. Let d be j(-3). Suppose -d - 6240 = -3*y. Is y prime?
True
Let k(m) = -3*m + 56. Let g be k(17). Let j(r) = 316*r + 41. Is j(g) prime?
True
Is (-678234)/(-36) - (5 + (-100)/24) prime?
True
Let b = -1769 + 5056. Let p(d) = d**3 - 47*d**2 - 42*d + 194. Let v be p(47). Let h = v + b. Is h a prime number?
False
Let z = 181319 - 129070. Is z a composite number?
False
Let p be ((-3)/(-9)*34)/(2/12). Suppose 0 = 5*b - 2*b + 18. Let n = p - b. Is n prime?
False
Let t(o) = -277*o + 42. Let r be t(11). Let i = -1368 - r. Is i a prime number?
True
Suppose -t - 4*n - 19 = -70, 3*n + 347 = 5*t. Let m(s) = -29*s - t + 24 - 21*s. Is m(-12) prime?
True
Suppose -2*i - 2*i + 3*c = 2782, -3*c = -3*i - 2085. Let r = i + 1545. Let m = r - 531. Is m a composite number?
False
Suppose -5*n - 16*a + 51778 = -20*a, 4*n = -a + 41414. Suppose 0 = 3*g + 4*j - 18667 - n, 5*g + 2*j = 48345. Is g a composite number?
True
Let q(j) = 18*j**3 + 28*j**2 + 13*j + 149. Is q(20) composite?
False
Let h = 6447 - 10567. Let r = 11307 + h. Is r composite?
False
Let r be 7 + 8 + -18 + 5. Is r*(-3)/6*-358 + 1 composite?
False
Let u = 716 + -1728. Suppose -3*l = -p - 5965, -4*p + 3*p = 2*l - 3980. Let i = u + l. Is i prime?
True
Let u(z) = z**3 - 11*z**2 + 11*z - 4. Let x be u(9). Let l = 71 + x. Suppose -l*i = 3*k - 4199, -12*k + 6979 = -7*k - 3*i. Is k prime?
False
Let o(n) = n**2 - 12*n + 49. Suppose -3*j - 65 = g, -4*g + 7*g + 41 = -2*j. Is o(j) prime?
True
Suppose -10*m - 2*c + 24 = -12*m, 4*c = -4*m - 80. Is (2 + m/6)*(-245166)/116 prime?
True
Suppose 5*a + 18 = 5*r - 42, -r + 3*a = -22. Suppose 5*h - w - 14066 = 0, -3*w + 14069 = 5*h - r*w. Is h a composite number?
True
Suppose 103*s - 3*m = 106*s - 135687, -3*s = 5*m - 135669. Is s prime?
False
Suppose -4*g = -16 + 4. Suppose -2*h - 2*w - 2 = 0, 5*h - 37 + 2 = g*w. Suppose 3*i + i = -12, h*b - 2*i - 314 = 0. Is b prime?
False
Suppose -40*x = -75*x + 558565. Is x composite?
False
Suppose -w = -3*j + 5*j - 103914, -2*j + 103910 = 2*w. Is j a composite number?
True
Suppose -4*h = -3*h - 4. Is ((h/(-12))/(-1))/((-3)/(-53037)) a prime number?
False
Suppose 0 = -21*w + 3458423 - 539906. Is w a prime number?
True
Suppose -11935803 = -43*q + 2486440. Is q composite?
True
Let q = -19 - -38. Let s = -11 + q. Suppose s*z = 6*z + 326. Is z prime?
True
Let n = 1024 - -2778. Is n prime?
False
Suppose 5*i - 204271 = -4*r, -3*r + 5*i + 115460 = -37787. Is r a prime number?
False
Suppose -4*w = 2*f - 68, -4*w + 4*f = w - 72. Suppose 0*o + w = -o - 4*j, 4*o = -3*j - 12. Suppose 0*q - 7*q + 4634 = o. Is q composite?
True
Let r(b) = 293*b**2 + 32*b + 10. Let t be r(9). Suppose -12*o + t = -5*o. Is o a prime number?
True
Let d(g) = g**2 - 9*g - 15. Let w(u) = -2*u**2 + 18*u + 30. Let t(q) = 13*d(q) + 6*w(q). Let h be t(10). Let o(j) = -2*j**3 - 7*j**2 - 5*j + 11. Is o(h) prime?
False
Let j = -26755 + 91896. Is j prime?
True
Suppose 6 = -b + 14. Suppose -22 = -7*a - b. Suppose -4*i + 194 = -q + a*q, -5 = i. Is q a composite number?
True
Let g = -262 + 265. Suppose 7*j + 1558 = 3*o + g*j, j + 4 = 0. Is o a prime number?
False
Let s(u) = -6844*u + 206. Is s(-3) a composite number?
True
Suppose 1461*j - 733*j - 735*j = -39160499. Is j prime?
True
Is (-2)/6*32616018/444*-26 prime?
False
Is (-3*(-9)/81)/((10/(-572298))/(-5)) composite?
False
Let u be 1/(-1)*3 - -36. Let l(j) = -166 - u*j + 154 - 194*j. Is l(-3) a prime number?
False
Is (40/(-30))/(2 - ((-3160060)/(-790005))/2) prime?
True
Is (-3300668)/(-180) - (-74)/(-1665) composite?
True
Let h(o) = -o**3 - 2*o**2 + 19*o + 37. Let g be h(-5). Suppose g*p - 795 = 4390. Is p a prime number?
False
Let d = 958498 + -50589. Is d a composite number?
False
Let c = -243946 - -485048. Is c a composite number?
True
Is (-864794 - -23)*(-2)/(-6)*(-7 - -4) prime?
False
Let n(c) = 81*c**3 + 10*c**2 + 5*c + 21. Is n(11) composite?
False
Let w(y) = 3*y + 412 + 157 - 101 + 55. Is w(0) a prime number?
True
Let m(h) = -59638*h**3 - 8*h**2 - 20*h - 15. Is m(-2) prime?
False
Suppose 3*m - 38 = -4*c, 0 = -0*c - 2*c - m + 18. Suppose c = -4*t, z + 4*z - 3199 = -3*t. Is z a composite number?
False
Is -24*84928/(-24) + -15 a composite number?
False
Let s(j) = -j**2 - 29*j - 51. Let c be s(-27). Is (3/6)/(c/1002) prime?
True
Let s = -139892 - -532771. Is s prime?
True
Suppose 2*n - 3*o + 10088 = -4080, 2*n = -5*o - 14136. Let z = 2065 - n. Is z composite?
True
Suppose 0 = 79*x - 3218407 - 603850. Is x a prime number?
True
Suppose -2*q - 3*q = -2*w + 17, 17 = 3*w + q. Suppose 3*z + 105 = 117. Is ((-2)/